{"id":1384,"date":"2024-05-24T10:13:37","date_gmt":"2024-05-24T10:13:37","guid":{"rendered":"https:\/\/drezo.cz\/?page_id=1384"},"modified":"2026-04-02T05:53:13","modified_gmt":"2026-04-02T05:53:13","slug":"prodej-dreva","status":"publish","type":"page","link":"https:\/\/drezo.cz\/?page_id=1384","title":{"rendered":"Prodej d\u0159eva"},"content":{"rendered":"\n<h4 class=\"wp-block-heading\">PROD\u00c1V\u00c1ME A ZAJI\u0160\u0164UJEME DOPRAVU PALIVOV\u00c9HO D\u0158EVA V JIHLAVSK\u00c9M KRAJI.<\/h4>\n\n\n\n<hr class=\"wp-block-separator has-alpha-channel-opacity\"\/>\n\n\n\n<h3 class=\"wp-block-heading\"><strong>Dod\u00e1v\u00e1me:<\/strong><\/h3>\n\n\n\n<ul class=\"wp-block-list\">\n<li>jehli\u010dnat\u00e9 a listnat\u00e9 d\u0159evo,<\/li>\n\n\n\n<li>p\u0159\u00edpadn\u011b kombinaci jehli\u010dnat\u00e9ho a listnat\u00e9ho d\u0159eva.<\/li>\n<\/ul>\n\n\n\n<hr class=\"wp-block-separator has-alpha-channel-opacity\"\/>\n\n\n\n<h3 class=\"wp-block-heading\"><strong>P\u0159ipravili jsme pro v\u00e1s n\u011bkolik mo\u017enost\u00ed:<\/strong><\/h3>\n\n\n\n<ul class=\"wp-block-list\">\n<li>palivov\u00e9 d\u0159evo v d\u00e9lce 2-4 m (1,5 &#8211; 2,5 m\u00b3),<\/li>\n\n\n\n<li>palivov\u00e9 d\u0159evo kr\u00e1cen\u00e9 5 &#8211; 40 cm (3,5 prm),<\/li>\n\n\n\n<li>prodej pilin.<\/li>\n<\/ul>\n\n\n\n<hr class=\"wp-block-separator has-alpha-channel-opacity\"\/>\n\n\n\n<p><strong>Prodej palivov\u00e9ho d\u0159eva:<\/strong><\/p>\n\n\n\n<ul class=\"wp-block-list\">\n<li>ky,<\/li>\n\n\n\n<li>n\u00e1stavby na Europalety.<\/li>\n<\/ul>\n\n\n\n<figure class=\"wp-block-gallery has-nested-images columns-default is-cropped wp-block-gallery-1 is-layout-flex wp-block-gallery-is-layout-flex\">\n<figure class=\"wp-block-image size-large\"><img loading=\"lazy\" decoding=\"async\" width=\"1024\" height=\"576\" data-id=\"1385\" src=\"https:\/\/drezo.cz\/wp-content\/uploads\/2024\/05\/20160204_153032-1.jpg\" alt=\"\" class=\"wp-image-1385\" srcset=\"https:\/\/drezo.cz\/wp-content\/uploads\/2024\/05\/20160204_153032-1.jpg 1024w, https:\/\/drezo.cz\/wp-content\/uploads\/2024\/05\/20160204_153032-1-300x169.jpg 300w, https:\/\/drezo.cz\/wp-content\/uploads\/2024\/05\/20160204_153032-1-768x432.jpg 768w\" sizes=\"auto, (max-width: 1024px) 100vw, 1024px\" \/><\/figure>\n\n\n\n<figure class=\"wp-block-image size-large\"><img loading=\"lazy\" decoding=\"async\" width=\"576\" height=\"1024\" data-id=\"1386\" src=\"https:\/\/drezo.cz\/wp-content\/uploads\/2024\/05\/20160204_153102-576x1024.jpg\" alt=\"\" class=\"wp-image-1386\" srcset=\"https:\/\/drezo.cz\/wp-content\/uploads\/2024\/05\/20160204_153102-576x1024.jpg 576w, https:\/\/drezo.cz\/wp-content\/uploads\/2024\/05\/20160204_153102-169x300.jpg 169w, https:\/\/drezo.cz\/wp-content\/uploads\/2024\/05\/20160204_153102-768x1365.jpg 768w, https:\/\/drezo.cz\/wp-content\/uploads\/2024\/05\/20160204_153102-864x1536.jpg 864w, https:\/\/drezo.cz\/wp-content\/uploads\/2024\/05\/20160204_153102.jpg 1024w\" sizes=\"auto, (max-width: 576px) 100vw, 576px\" \/><\/figure>\n<\/figure>\n","protected":false},"excerpt":{"rendered":"<p>PROD\u00c1V\u00c1ME A ZAJI\u0160\u0164UJEME DOPRAVU PALIVOV\u00c9HO D\u0158EVA V JIHLAVSK\u00c9M KRAJI. Dod\u00e1v\u00e1me: P\u0159ipravili jsme pro v\u00e1s n\u011bkolik mo\u017enost\u00ed: Prodej palivov\u00e9ho d\u0159eva:<\/p>\n","protected":false},"author":1,"featured_media":0,"parent":0,"menu_order":0,"comment_status":"closed","ping_status":"closed","template":"","meta":{"footnotes":""},"class_list":["post-1384","page","type-page","status-publish","hentry"],"_links":{"self":[{"href":"https:\/\/drezo.cz\/index.php?rest_route=\/wp\/v2\/pages\/1384","targetHints":{"allow":["GET"]}}],"collection":[{"href":"https:\/\/drezo.cz\/index.php?rest_route=\/wp\/v2\/pages"}],"about":[{"href":"https:\/\/drezo.cz\/index.php?rest_route=\/wp\/v2\/types\/page"}],"author":[{"embeddable":true,"href":"https:\/\/drezo.cz\/index.php?rest_route=\/wp\/v2\/users\/1"}],"replies":[{"embeddable":true,"href":"https:\/\/drezo.cz\/index.php?rest_route=%2Fwp%2Fv2%2Fcomments&post=1384"}],"version-history":[{"count":1,"href":"https:\/\/drezo.cz\/index.php?rest_route=\/wp\/v2\/pages\/1384\/revisions"}],"predecessor-version":[{"id":1387,"href":"https:\/\/drezo.cz\/index.php?rest_route=\/wp\/v2\/pages\/1384\/revisions\/1387"}],"wp:attachment":[{"href":"https:\/\/drezo.cz\/index.php?rest_route=%2Fwp%2Fv2%2Fmedia&parent=1384"}],"curies":[{"name":"wp","href":"https:\/\/api.w.org\/{rel}","templated":true}]}}